 + 26 = -x + u. List the prime factors of x.
2, 3, 5
List the prime factors of 9 + (-35)/7 + 1962.
2, 983
What are the prime factors of -7*(((-2736)/21)/6 - -3)?
131
Suppose -u + 2*u + 4 = 0. Let x(k) = 23*k - 2. Let g(q) = -21*q + 1. Let p(m) = 6*g(m) + 5*x(m). List the prime factors of p(u).
2, 5
Let f(n) = n**3 + 3*n**2 + n + 4. Let j be f(-3). Let q(m) = m**2 + 19*m**2 + 3 - 2 - m. What are the prime factors of q(j)?
2, 5
What are the prime factors of 36/63 - ((-5763)/21 + -2)?
277
Let f be (-16)/(-120) - 28/(-15). Suppose -4*c + 126 = f*c. List the prime factors of c.
3, 7
Suppose 12 = 5*h - 8*h. List the prime factors of h/((-4)/(-2)) + 99.
97
Let p = 11 - 8. Suppose -p*j + 3 = 6. List the prime factors of (-3 - -20) + j + -1.
3, 5
Suppose 28*b - 7008 = 20*b. What are the prime factors of b?
2, 3, 73
Let a be 460/16 - 3/(-12). Let t be 0 + 2 - (a + -1). Let w = -16 - t. What are the prime factors of w?
2, 5
Let s(f) be the third derivative of f**5/20 + 5*f**4/12 + 7*f**3/3 + 5*f**2. Let v be s(-6). List the prime factors of (v/(-4))/((-16)/32).
31
Suppose 2*s - 4 = -4*h, 4*h + 6 = 2*h. Suppose 0 = 7*r - 9*r - s. List the prime factors of (31 - (1 + r)) + 2.
2, 3
Let d(t) = 227*t + 223. List the prime factors of d(11).
2, 5, 17
Suppose -2*b = 3*n - 5, b + 3*n = 2*b + 2. Let q(g) = 2*g + g - g - g + b. List the prime factors of q(5).
2, 3
Let z(o) = -4*o - 45. Let c be z(-13). Suppose 6*y + 146 = c*y. List the prime factors of y.
2, 73
Let p(h) = 36*h**2 - 2*h + 1. Let t(g) = -3*g + 0*g**2 - g**2 + 2*g**2 + 4*g. Let n(a) = p(a) + 2*t(a). What are the prime factors of n(1)?
3, 13
What are the prime factors of (13 + -151)*(-4)/6?
2, 23
Let t(v) = v**3 - 5*v**2 - 5*v + 10. Let y be t(5). Let p = 67 + y. What are the prime factors of p?
2, 13
Let v = 19 + 2856. List the prime factors of v.
5, 23
Let g(r) = -r**3 - 12*r**2 - 28*r + 11. List the prime factors of g(-14).
3, 5, 53
Suppose 2*o + 3*s = -0*o + 29, -s = 2*o - 23. Let r = o - 25. List the prime factors of (0 + 3)/(r/(-10)).
2
Let p = -5 - -1. Suppose -v - 65 = n, -3*n - 83 - 113 = 2*v. List the prime factors of p/22 - 738/n.
11
Let o be (-11142)/(-21) - 16/28. Suppose -2*r - 86 = -3*r - 5*s, -5*s + o = 5*r. What are the prime factors of r?
3, 37
Let a(b) = -8*b**2 + b**3 + 2 + 2 + 2 + 3*b + 0*b. Let h be a(7). What are the prime factors of 1/(-3)*(h + 4)?
2, 3
Suppose n = 3*t + 2*n - 1431, 0 = -5*t + n + 2393. What are the prime factors of t?
2, 239
Suppose 0*l = 4*l. Suppose l = b - v + 5, 3*b + v - 1 = -0*v. List the prime factors of (1/2)/(b/(-10)).
5
Suppose -23*s = -19*s - 32. What are the prime factors of s?
2
Let t be -5*(4*-3)/(-2). Let o = t - -50. Suppose -o = 2*u - 64. List the prime factors of u.
2, 11
Suppose -37 = -3*s + 20. Let j = s + -6. Let d(r) = 8*r - 29. What are the prime factors of d(j)?
3, 5
Let j = 10 + -7. Suppose 6 = -3*s - j. List the prime factors of (111/15)/(s/(-15)).
37
Let l(f) = -f**2 - 5*f - 2. Let w be l(-4). Let v(g) be the third derivative of g**5/15 + g**4/24 + g**3/6 + 12*g**2. What are the prime factors of v(w)?
19
Let g(z) = -z**3 + 14*z**2 + 17*z + 27. What are the prime factors of g(13)?
3, 139
Suppose -2*a + 8*a = 72. Suppose 3*y = -a + 45. List the prime factors of y.
11
Suppose -2*h = 3*y - 7, -3*h - 3*y + 4 = -5. Let v be (h + (-633)/(-1))*-1. What are the prime factors of (-6)/(-10) + v/(-25)?
2, 13
Let g(k) = -28*k + 40. What are the prime factors of g(-9)?
2, 73
Suppose 5*t - 3*y = 655, -4*t + 3*y = -362 - 165. What are the prime factors of t?
2
Let x be (-121 + -1)*(12 - 11). Let h = x - -178. What are the prime factors of h?
2, 7
Suppose -5*l + 5 + 5 = 0. Let j = 617 + -638. What are the prime factors of j*10/(-15)*l?
2, 7
Let i be (-2 + 1)/(1*-1). Let t = 0 + 0. Suppose 5*r - i - 14 = t. List the prime factors of r.
3
Suppose -4 = 2*x - 5*w + 4, 3*x + w + 29 = 0. List the prime factors of 105/(-5)*(30/x - -2).
2, 7
Suppose 29*l + 860 = 33*l. List the prime factors of l.
5, 43
Let r(w) = -w**3 + 5*w**2 + 4*w - 8. Let m be r(4). Let i be m + (-3 - -2 - 0). Suppose -24*k + i*k + 21 = 0. What are the prime factors of k?
3, 7
List the prime factors of 8/12 + (-6376)/(-12).
2, 7, 19
Let m(q) be the first derivative of 3*q**3 - 5*q**2/2 - 2*q + 22. List the prime factors of m(-2).
2, 11
Suppose 0 = 2*j + 4*r - 1944, -4*j + 6*j + r - 1950 = 0. List the prime factors of j.
2, 61
Let q(y) = 3*y + 5. Let x be 1/(36/(-20) - -2). Suppose -12 = 2*g - x*g. List the prime factors of q(g).
17
Let t be -2 + 0 + (-3 - -7). Let k(z) = 18*z**2 + 3*z - 3. What are the prime factors of k(t)?
3, 5
Suppose -2*n + 4 = -p, -5*p - n - 8 = -8*p. Suppose -p*w + 203 = i, -i + 588 = 2*i + 5*w. List the prime factors of i.
191
Let d(u) = 2*u**2 - 5*u + 4. Let h be d(-6). Let o = 269 + -267. Suppose o*l - 5*m = 56, 6*l - l = 4*m + h. What are the prime factors of l?
2, 3
Let t be 9154/(-12) - (-5)/(-30). Let n = t - -1327. List the prime factors of n/14 - 14/49.
2, 5
Suppose -29*w + 24*w = -3370. Suppose -3*f + w = o, -3*o = -4*f - 20 + 923. List the prime factors of f.
3, 5
Suppose -2*c + 7984 = 3*a, -3*a + 8690 = 4*c - 7266. What are the prime factors of c?
2, 1993
Suppose 0 = -2*x - 5*y + 15, -7*y + 3*y = 5*x - 12. Suppose -4*o - o + 60 = x. What are the prime factors of o?
2, 3
Suppose -135*b = -110*b - 101650. What are the prime factors of b?
2, 19, 107
Let t = -20 + 25. Suppose -x - 4*j = -148, 2*x = t*j + 378 - 43. Let i = -109 + x. List the prime factors of i.
3, 17
Suppose 16*r - 12*r = -2*s + 1160, -2*s + 1159 = 3*r. What are the prime factors of s?
2, 17
Suppose 0 = l + 71 + 57. List the prime factors of l*-1*2/4.
2
What are the prime factors of (3/(-9) - 0)/((-3)/3609)?
401
Let b(a) = -10*a - 375. Let w be b(-38). Let d be ((-30)/9)/((-1)/3). What are the prime factors of w*(28/d - 1)?
3
Let q(z) = 1979*z**2 + 9*z - 3. What are the prime factors of q(-1)?
7, 281
Let i(r) = 9*r**3 + 2*r**2 - 1. Let w be i(1). Suppose -3*k = -4*k - w. Let n = k + 31. List the prime factors of n.
3, 7
Let z = 50 - 31. Let a = z + -11. Let p(g) = 2*g - 8. List the prime factors of p(a).
2
Let h(a) = 5*a + 12. Let x(l) = -2*l - 6. Let k(q) = -3*h(q) - 7*x(q). List the prime factors of k(-9).
3, 5
Suppose -11*f + 17 + 137 = 0. List the prime factors of (f/(-21))/(1/(-54)).
2, 3
Let w(a) = -14*a - 64. Suppose -h = 2*k - 5*k - 58, 5*k + 2*h = -82. List the prime factors of w(k).
2, 47
Let o be (-48)/(-9) + 2/(-6). Let p be o/3*(-4 - -7). Suppose -32 = 3*n - p*n. List the prime factors of n.
2
Suppose -2*u + 26 = -z, 2*u - 4*z - 10 - 4 = 0. Let c(f) = -14*f - 24. Let w be c(-2). Suppose -3*l - w*y = 5, -2*l + 2*y + u = y. List the prime factors of l.
5
Let d(l) = 74*l - 30. List the prime factors of d(7).
2, 61
Let g(d) = 2*d. Let v(p) = p**3 + 11*p**2 + 9*p - 13. Let n be v(-10). Let l be g(n). Let a(r) = r**3 + 5*r**2 - 6*r + 6. What are the prime factors of a(l)?
2, 3
Let k = 2 + 2. Suppose 8*u + 140 = 12*u. Suppose x = 2*h - 2*x - u, 0 = 4*h + k*x - 80. List the prime factors of h.
19
What are the prime factors of (3 + -4)/(1/(3 + -920))?
7, 131
Let u = 5 - 3. What are the prime factors of (u + 29/3)/((-2)/(-18))?
3, 5, 7
Let m(o) = -o**3 + 7*o**2 - 6*o + 7. Let d(b) = -b - 6. Let x be d(-4). Let s be 1*x*(-10)/4. What are the prime factors of m(s)?
3
Suppose 2*x - 8759 = 3*z, 5746 = x + 2*z + 1363. What are the prime factors of x?
13, 337
Suppose 8 = 4*o + 3*p, -2*o - 2*p = p - 4. Suppose -7 - 7 = o*z - 3*t, -2*z = -4*t + 18. List the prime factors of (-84)/9*(z - 2).
2, 7
Let n(c) = -3*c**3 - 3*c**2 - 3*c + 12. Let q be n(-3). Suppose 0*m = 2*v + 3*m + 16, 3 = v - 4*m. List the prime factors of (9/(-5))/(v/q).
3
Let t = 56 + -80. Let q = -10 - t. What are the prime factors of q?
2, 7
Let x(q) = -q**2 + 47*q + 215. List the prime factors of x(46).
3, 29
Suppose o = 0, 0 = -5*t - 2*o + 410 - 65. List the prime factors of t.
3, 23
Suppose q + 2 = 2*r + 5, -2*q + 4 = -5*r. List the prime factors of -5 + q - 3*-12.
2, 19
Suppose 42 = 4*v + 3*v. What are the prime factors of 645/v + (2 - (-9)/(-6))?
2, 3
Let i = -2672 + 6077. List the prime factors of i.
3, 5, 227
Suppose -3*j - 29 = 7. Let v be (270/4)/((-9)/j). What are the prime factors of v/8 + 3/4?
2, 3
Suppose 4*h = -3